 is divided by 2458?
12
Calculate the remainder when 563921 is divided by 790.
651
Calculate the remainder when 1977375 is divided by 59920.
15
What is the remainder when 45846984 is divided by 24?
0
Calculate the remainder when 18985396 is divided by 100.
96
What is the remainder when 794619 is divided by 229?
218
What is the remainder when 7270148 is divided by 98245?
18
What is the remainder when 24778 is divided by 6082?
450
Calculate the remainder when 86882210 is divided by 108.
98
What is the remainder when 4190669 is divided by 330?
329
Calculate the remainder when 3342496 is divided by 1546.
44
Calculate the remainder when 199422 is divided by 3620.
322
What is the remainder when 364737 is divided by 16565?
307
Calculate the remainder when 44511 is divided by 44507.
4
What is the remainder when 2525101 is divided by 483?
460
Calculate the remainder when 59785059 is divided by 78.
9
What is the remainder when 113981 is divided by 750?
731
What is the remainder when 16734 is divided by 7119?
2496
Calculate the remainder when 3889789 is divided by 702.
7
What is the remainder when 47686665 is divided by 9537333?
0
Calculate the remainder when 38605 is divided by 12851.
52
Calculate the remainder when 4046058 is divided by 291.
285
What is the remainder when 179636 is divided by 55?
6
Calculate the remainder when 35764737 is divided by 2453.
2450
What is the remainder when 643655 is divided by 26818?
23
What is the remainder when 65914 is divided by 20032?
5818
What is the remainder when 1718340 is divided by 190924?
24
Calculate the remainder when 286070 is divided by 1862.
1184
Calculate the remainder when 252618 is divided by 746.
470
What is the remainder when 504409 is divided by 359?
14
Calculate the remainder when 1739031 is divided by 16550.
1281
Calculate the remainder when 21354 is divided by 1096.
530
What is the remainder when 15695855 is divided by 351?
188
Calculate the remainder when 60334354 is divided by 60334346.
8
What is the remainder when 93853 is divided by 512?
157
Calculate the remainder when 4756786 is divided by 62.
22
Calculate the remainder when 68813 is divided by 68395.
418
Calculate the remainder when 2579110 is divided by 1453.
35
What is the remainder when 915122 is divided by 1187?
1132
Calculate the remainder when 179010 is divided by 2293.
156
What is the remainder when 325951 is divided by 707?
24
What is the remainder when 10554792 is divided by 75?
42
What is the remainder when 52855 is divided by 44600?
8255
Calculate the remainder when 3400401 is divided by 1157.
1135
Calculate the remainder when 694226 is divided by 43387.
34
Calculate the remainder when 299405 is divided by 7.
1
Calculate the remainder when 11894075 is divided by 155.
150
Calculate the remainder when 1311661 is divided by 21269.
14252
Calculate the remainder when 340620 is divided by 11287.
2010
Calculate the remainder when 373349 is divided by 37319.
159
Calculate the remainder when 281848 is divided by 140182.
1484
What is the remainder when 749197 is divided by 262?
139
Calculate the remainder when 6615718 is divided by 1325.
1318
What is the remainder when 1044449 is divided by 174043?
191
Calculate the remainder when 11299686 is divided by 196.
90
What is the remainder when 106180913 is divided by 6898?
6897
What is the remainder when 262962 is divided by 131424?
114
What is the remainder when 360966 is divided by 51559?
53
What is the remainder when 22054 is divided by 508?
210
Calculate the remainder when 12052556 is divided by 12.
8
What is the remainder when 5073285 is divided by 132?
129
Calculate the remainder when 389434 is divided by 389230.
204
Calculate the remainder when 1548545 is divided by 61881.
1520
What is the remainder when 1151405 is divided by 312?
125
What is the remainder when 1784595 is divided by 74358?
3
What is the remainder when 29487 is divided by 913?
271
Calculate the remainder when 907979 is divided by 77.
72
Calculate the remainder when 655595 is divided by 3063.
113
Calculate the remainder when 112415 is divided by 37031.
1322
What is the remainder when 2648646 is divided by 11?
0
Calculate the remainder when 60189573 is divided by 147.
129
Calculate the remainder when 15954829 is divided by 135.
124
What is the remainder when 7457891 is divided by 1864470?
11
Calculate the remainder when 92800028 is divided by 14372.
24
Calculate the remainder when 1268784 is divided by 317188.
32
What is the remainder when 15485062 is divided by 2212150?
12
Calculate the remainder when 112331162 is divided by 37443720.
2
Calculate the remainder when 47436282 is divided by 906.
840
What is the remainder when 157818 is divided by 31161?
2013
What is the remainder when 21564637 is divided by 203?
150
What is the remainder when 250634 is divided by 10025?
9
What is the remainder when 6112797 is divided by 182?
145
Calculate the remainder when 207525 is divided by 305.
125
Calculate the remainder when 88731 is divided by 431.
376
Calculate the remainder when 204847 is divided by 6274.
4079
Calculate the remainder when 2649173 is divided by 70.
23
What is the remainder when 12059401 is divided by 2608?
9
What is the remainder when 3044340 is divided by 4655?
4625
Calculate the remainder when 13232 is divided by 2306.
1702
Calculate the remainder when 712846 is divided by 614.
606
Calculate the remainder when 15197613 is divided by 108.
69
Calculate the remainder when 103827 is divided by 44.
31
What is the remainder when 73990 is divided by 87?
40
Calculate the remainder when 1046239 is divided by 207.
61
Calculate the remainder when 701996 is divided by 24.
20
Calculate the remainder when 21733 is divided by 369.
331
What is the remainder when 140634598 is divided by 6200?
6198
What is the remainder when 516879 is divided by 101?
62
Calculate the remainder when 115324 is divided by 1694.
132
What is the remainder when 1126956 is divided by 10444?
9448
What is the remainder when 14517 is divided by 7122?
273
What is the remainder when 629931 is divided by 103?
86
What is the remainder when 377161 is divided by 188520?
121
Calculate the remainder when 1747962 is divided by 436900.
362
Calculate the remainder when 27890 is divided by 27502.
388
What is the remainder when 41783047 is divided by 214272?
7
Calculate the remainder when 94716091 is divided by 47.
46
What is the remainder when 37773214 is divided by 7742?
7738
Calculate the remainder when 102344082 is divided by 317.
315
Calculate the remainder when 780531 is divided by 67.
48
Calculate the remainder when 39989562 is divided by 189.
186
Calculate the remainder when 276216546 is divided by 861.
858
Calculate the remainder when 2898857865 is divided by 262.
261
What is the remainder when 74843 is divided by 11986?
2927
Calculate the remainder when 2575408 is divided by 6282.
6070
What is the remainder when 584067 is divided by 854?
785
What is the remainder when 2124835 is divided by 1225?
685
Calculate the remainder when 25843910 is divided by 62.
16
What is the remainder when 898200 is divided by 1642?
26
What is the remainder when 247947 is divided by 30992?
11
Calculate the remainder when 6692661 is divided by 21.
3
Calculate the remainder when 38680 is divided by 869.
444
What is the remainder when 50299 is divided by 1802?
1645
What is the remainder when 13407 is divided by 12427?
980
Calculate the remainder when 1560015 is divided by 6265.
30
Calculate the remainder when 690919 is divided by 97.
85
Calculate the remainder when 842475 is divided by 933.
909
What is the remainder when 3889532 is divided by 2837?
5
What is the remainder when 106429 is divided by 34595?
2644
Calculate the remainder when 1833010 is divided by 1032.
178
What is the remainder when 8760217 is divided by 13905?
67
What is the remainder when 58711183 is divided by 1582?
1581
What is the remainder when 2594738 is divided by 112802?
292
Calculate the remainder when 302021 is divided by 999.
323
What is the remainder when 886423 is divided by 29547?
13
Calculate the remainder when 3833492 is divided by 45.
32
Calculate the remainder when 7706802 is divided by 2557.
4
Calculate the remainder when 4313194 is divided by 6968.
2
Calculate the remainder when 2278274 is divided b